 -23 + -13?
-32
What is -186 + (231 - 29) + (56 - (-2 + 3))?
71
What is the value of -21 + 29 + -17 - 19 - -6?
-22
What is (12 - (6 - -12)) + (-4 + 6 - (-52 - 1))?
49
Evaluate 34 - (25 - (-28 + -5)).
-24
What is 5 + -8 + (-42 + 17 - -2)?
-26
Evaluate (-19 + 36 - 35) + 2 + 13 - (-2 + 2).
-3
What is the value of (45 - 28) + 1 + -40 + 19 + (66 - -1)?
64
Evaluate 79 - (-43 + 72) - 75.
-25
What is the value of -1 + -4 + (10 - 1 - 8) + 1221 + -1135?
82
Calculate 7 + (-45 - 8) - 24.
-70
Evaluate 22 + -1 + (-11 - -9 - 5) + -11.
3
353 + -348 - (5 + 53)
-53
(-41 - -33 - 14 - -25) + (-13 - -5)
-5
Calculate (11 - -1) + (22 - (8 - -29)) + -38.
-41
(-3 - 9 - (52 - 138)) + -21
53
Calculate (2 - -3) + 2 + (7 - (57 - 60)).
17
Evaluate -50 - (-100 - -23 - -70).
-43
131 - (3 + -25 + (31 - -3))
119
Evaluate (5 - -1) + -30 + -15 + -6 + 14.
-31
Evaluate 19 + -18 + 17 + -8 + -3.
7
Calculate -6 + -3 + 5 + (30 + -12 - 25).
-11
What is the value of 40 + (-25 - (21 + -19 + -3))?
16
What is (-11 - -7 - 0 - (-9 + 19)) + -7 + 10?
-11
Calculate 14 - (-2 + 2 + 24 + -19 - -83).
-74
Calculate 21 - (-19 + (2 - (11 - 8))).
41
What is -26 + 75 - 41 - 33?
-25
Calculate 0 + (33 - 11) - (-4 + -23).
49
What is (0 - (0 + -2) - -1) + (-1 - (116 + -192))?
78
21 + -33 + 31 + 58 + 6
83
10 - (117 + -85 + -76)
54
What is the value of -16 - (33 + -55 + 14)?
-8
What is the value of -1 - 103 - (-2063 - -1911)?
48
Calculate (-133 + 126 - (2 - (-1 + 10))) + -16.
-16
(12 + (0 - 9) - 110) + 18 + 13
-76
Evaluate (-4 - (-9 - -2)) + 39 + -22 + 7.
27
Calculate 32 - (-91 + 17) - 51.
55
Calculate -5 - (1 + -23 + -178 + 203).
-8
Evaluate (-23 - (-1 - -2)) + 45 + (43 + -89 - 2).
-27
Calculate (14 - (-13 + 38) - -97) + (11 - 20 - -2).
79
Evaluate -25 - (180 - 197 - (-1 + -19)).
-28
Calculate 84 + -1 - (204 + -120 + -81).
80
What is the value of 6 - -14 - (7 - -9 - -6) - -41?
39
(2 - 3) + 1491 + -1457
33
Calculate (70 - 1) + (-16 - (-13 + (-10 - -16)) - -19).
79
What is -49 + (9 - (-32 + 32))?
-40
-151 + 146 + (-69 - (-12 + 6 + (1 - -2)))
-71
Evaluate -128 + (-22 - -59 - 23) + 0.
-114
10 + 0 - (-9 - (19 + -20))
18
What is the value of 128 - (68 - (-27 - -28))?
61
What is the value of 0 + 20 + 4539 + -4569?
-10
Evaluate -4 - -16 - -1 - (-25 - -26 - 23).
35
What is -2080 + 2090 + (-50 - 1 - (7 - 5 - 4))?
-39
What is the value of -116 + (-64 - -48) + 166?
34
Evaluate 509 - 1175 - -660 - ((2 - 1 - 5) + -1).
-1
Evaluate (-7 - (-8 + 4 + 1 + -5)) + 0.
1
39 - ((-62 - -143) + -116)
74
What is the value of -7 - (-67 + 54) - -12?
18
Evaluate (-1 - 5) + 0 - (114 + -97).
-23
Calculate 36 - (6 - (-122 + 20)).
-72
Calculate -14 - (7 - ((-23 + -4 - -14) + 49)).
15
What is the value of 8 + (-1 - (12 - 42) - (-3 - (-5 + 5)))?
40
7 - 21 - (56 + -30)
-40
Evaluate (1 - 5) + (29 + -10 - (-9 + 0 + -12)).
36
Calculate 176 + -27 + -32 - 96.
21
-3 + 74 - (122 - 73)
22
Evaluate (-86 - 1) + ((0 - -11) + 5 - 14).
-85
Calculate (0 + -28 - -23) + -16 + 74.
53
Calculate -15 + 40 + -21 + (0 - 1) - -14.
17
Calculate 9 - (474 - 465 - (-1 - -2)).
1
What is (101 + -54 - 47) + (-2 - 56) + (-2 - -3)?
-57
Evaluate (-32 - -1) + 30 + 17 + -37 - 1.
-22
Calculate (14 - (13 + 2)) + 29 + 93.
121
Evaluate 0 - -14 - ((8 - 73) + 12 - -18).
49
What is -8 - (-69 - (-4 + 26 - 19))?
64
What is the value of (30 + -39 - 41 - -36) + -5?
-19
What is the value of 18 + (-56 + -10 - (18 - 6 - 19))?
-41
What is -6 + -1 - (15 + (-20 - 4) + 2 + 3)?
-3
What is the value of 2 + -2 + -106 - (301 + -234 + -49)?
-124
Calculate 3 - (-17 - ((-30 - -30) + -14)).
6
(-17 + 4 - (-10 + -12 + -8)) + -7
10
What is -46 + 30 + 29 + -35?
-22
-48 + 43 - (12 + -15 + (-2 - -2)) - -36
34
Evaluate (-66 - 0) + (-76 - (-70 - 11)).
-61
43 + (5 - -4 - -88) - 40
100
Calculate (1 - (-69 + 48)) + -43 + 2.
-19
What is 37 - (-69 + 46 + 54)?
6
Calculate -138 + (66 - 63 - -72).
-63
0 + (-2 + 5 - (6 - 11)) + -1 + -96
-89
Calculate 39 - 49 - -37 - (-66 - -3).
90
Evaluate 42 - (1 + -9 + (2 - 2)).
50
Calculate 14 + -54 + -48 + (205 - 1).
116
-24 - (3 - (3 + 2 + 12))
-10
What is (9 - 14) + -3 + (-7 - (5 - (6 - 10)))?
-24
What is the value of 2 + -48 - (13 + -19 + 7 - (1 - 4))?
-50
What is the value of 55 + (1 - (7 + 1)) + (-98 - -97) + 3?
50
Calculate -131 + (18 - -2) + 3 + 13.
-95
What is the value of -3 + 3 + 28 + 505 + -492 + 2?
43
Evaluate 123 + -116 + (2 - (7 + 3)) + -55 - -10.
-46
What is the value of (-88 - -79 - (-10 + (1 - 1))) + 6 + 65?
72
Evaluate 20 + 19 + -54 + (-1 + 2 + -13 - 2).
-29
What is the value of -2 - 0 - -25 - 2 - (339 - (-428 - -753))?
7
What is the value of -28 - -2 - (122 - (13 + 97))?
-38
8 + -6 - (-4 - -2 - (2 - 4) - -8)
-6
What is the value of 0 + (27 - 17) + -52 - -9?
-33
Evaluate 13 - (-12 - 3 - (-16 + 22 + -17)).
17
What is the value of -50 + (13 - 16) - (37 - 41)?
-49
What is -102 - (-294 - -62) - 131?
-1
Calculate 4 + -25 - (-738 + 739).
-22
What is -83 + 1 - (14 + (-1 - (21 - -15)) + 30)?
-89
Evaluate (2260 - 2192) + (-17 - (3 + -2)).
50
What is the value of (-6 - -19) + (49 - 22 - 25)?
15
What is the value of -88 + 40 + 33 + -33?
-48
What is (-14 - 17) + 12 + 11 + -8?
-16
What is (32 - -5) + -2 - 40?
-5
-23 - (4 + -7 + 0 - (-30 - -8 - -14))
-28
What is the value of -1771 - -1807 - ((-9 + 5 - (-1 - -2)) + 4)?
37
0 - -73 - (-8 + (10 - ((-1 - -20) + -18)))
72
-40 + -60 + (65 - 21)
-56
What is 332 + -300 + (-4 - (0 + 2)) + 8?
34
What is the value of (3 - ((0 + 7 - -6) + -3)) + 0?
-7
What is the value of 20 - ((-36 - -23) + 12 + -6 + 8)?
19
What is 9 + -10 + (-72 - -39) - 7?
-41
What is -2181 - -2222 - (62 - -2)?
-23
What is the value of -39 + 11 + 73 + -33?
12
Calculate 2 + -29 - (-80 - (52 + -147)).
-42
What is (-51 - -30 - -16) + 0 + (-5 - -3) - 4?
-11
What is 16 + 1 - ((44 - 12) + 9)?
-24
What is the value of -1 + 1 + 6 + (147 - 144) + -11?
-2
Evaluate 49 + 34 + (-15 - 10) + -1.
57
Evaluate -16 + 1 + (-588 - -703) + (0 - 5).
95
Calculate (-13 + 15 + -12 - 26) + 6.
-30
Evaluate (-1 - 10) + (-15 + -36 - -55) - (-4 + -10).
7
(5 - (-181 - -42)) + -56
88
Evaluate -6 + -25 + -90 + 140.
19
Evaluate 0 + (28 - 4) + (-101 - -79).
2
Evaluate -20 + 11 + 3 + -10 + -3.
-19
Calculate 124 + 116 + -47 + -51.
142
Calculate -96 - (-218 - -73) - (-6 + -38).
93
What is (8 - 88 - -37) + -26 + 9 + 2 + -2?
-60
Calculate 76 + -69 + (-1 + (-3 - -2) - 23).
-18
What is -5 + (45 - ((-15 - -40) + -19 + 5))?
29
Calculate -37 + (30 - 28) - -58.
23
What is the value of (-38 - -67) + (-9 - (51 + -18))?
-13
Evaluate -6494 + 6532 + 9 + (4 - 5) + 2.
48
What is the value of -1 - 46 - (4764 - 4831)?
20
What is -7 - (-4 - 1) - 2 - -18 - (17 + -21)?
18
What is 27 + -24 - (-7 + 16) - -27?
21
Evaluate 4 + 23 + (18 - 0) + -5.
40
What is the value of 20 + (-97 - -24) + 88?
35
What is the value of -23 - 55 - -36 - 10?
-52
Calculate 18 + -29 + (30 + 36 - -7).
62
What is the value of (-49 + 81 + -39 - 40) + -72?
-119
Evaluate -9 + 4 - (9 + (5 - 6) + -141).
128
What is the value of -9 - (2 + 24 + -18) - -7?
-10
-6 + 0 + (24 - (13 + 11)) + -4 + -31
-41
Calculate -41 + (7 + (-7 - 7) + 6 - 2 - 4).
-48
Evaluate (-101 - -1) + (1726 - 1609).
17
What is the value of -31 - ((-1 - 7) + (-6 - 4)) - 18?
-31
Evaluate (75 - 51) + -6 - -47.
65
Calculate 4 - 52 - -56 - (1 + (1 - 3) - -71).
-62
Calculate -6 + 9 + (-19 - (-8 - -1) - (-29 - -13)).
7
What is -11 + 3 - (-521 - -430 - (-2 + -1 + -13))?
67
Calculate -9 - (-57 + 19 - -7) - 23.
-1
-51 + (5 - (9 - (-7 + (4 - -3) + -8)))
-63
-54 - (-52 + (14 - -20))
-36
-15 + 1 + 15 + (-33 - -3 - -11)
-18
Calculate 0 + (-5 - 1) + 0 + 8 - (136 - 144).
10
Evaluate 3 + -5 + 3 + -54 + (6 - (22 + -23)).
-46
Calculate (34 + -1 - 4) + 189 + -170.
48
What is the value of 21 + (-3 + 8 - (22 + -25)) + -5?
24
Calculate 1 + 5 + (58 - 53 - (15 - 0)) + 17.
13
Calculate -152 + 91 + -17 + -58.
-136
What is the value of -379 - -329 - (-5 + -57)?
12
110 + 46 + -240 + 43
-41
44 + (-70 - (-2 + -25)) + (-81 - 1)
-81
What is the value of -10 + (0 + 1 - 50 - -2 - (1264 - 1249))?
-72
What is the value of 48 + (62 - (14 - 52)) + -38?
110
What is -105 + 72 + (32 - 111)?
-112
Calculate -36 + 33 - (1 - -3) - -17 - (25 + 2).
-17
Calculate (50 - (10 - 2)) + -45 + 14 + 11.
22
Calculate 96 + -106 + 114 + -93.
11
Evaluate (25 + -6 - 8) + (-3 + -8 + 6 - -19).
25
What is the value of -198 + 194 + (-1 - 32) + -5 - 2?
-44
Eval